{"id":291,"date":"2025-12-02T11:16:21","date_gmt":"2025-12-02T10:16:21","guid":{"rendered":"https:\/\/www.ronaldkemsies.com\/?page_id=291"},"modified":"2025-12-02T15:27:23","modified_gmt":"2025-12-02T14:27:23","slug":"research-projects","status":"publish","type":"page","link":"https:\/\/www.ronaldkemsies.com\/?page_id=291","title":{"rendered":"Research Projects"},"content":{"rendered":"\n<h4 class=\"wp-block-heading\">SAPELTA &#8211; Self-Assessment for Primary English Language Teachers in Austria<\/h4>\n\n\n\n<p>National Research and Development Project of the University College of Teacher Education Vienna, Principal Researcher<\/p>\n\n\n\n<div style=\"height:1px\" aria-hidden=\"true\" class=\"wp-block-spacer\"><\/div>\n\n\n\n<h4 class=\"wp-block-heading\">Embedding Languages Across Primary and Secondary Education (ELAPSE)<\/h4>\n\n\n\n<p>Erasmus+ KA201, Researcher\/Teacher<\/p>\n\n\n\n<h5 class=\"wp-block-heading\">Cooperation Partners:<\/h5>\n\n\n\n<ul class=\"wp-block-list\">\n<li>Association for Language Learning (UK)<\/li>\n\n\n\n<li>Centro Auton\u00f3mico de Formaci\u00f3n e Innovaci\u00f3n (Spain)<\/li>\n\n\n\n<li>CFPIDIOMAS (Spain)<\/li>\n\n\n\n<li>Rectorat de Montpellier (France)<\/li>\n\n\n\n<li>University College of Teacher Education Vienna (Austria)<\/li>\n<\/ul>\n\n\n\n<div style=\"height:1px\" aria-hidden=\"true\" class=\"wp-block-spacer\"><\/div>\n\n\n\n<div style=\"height:1px\" aria-hidden=\"true\" class=\"wp-block-spacer\"><\/div>\n\n\n\n<h4 class=\"wp-block-heading\">Educational Knowledge Transfer (EKT)<\/h4>\n\n\n\n<p>Erasmus+ EPPKA2, Teacher\/Trainer\/Researcher<\/p>\n\n\n\n<h5 class=\"wp-block-heading\">Cooperation Partners:<\/h5>\n\n\n\n<ul class=\"wp-block-list\">\n<li>Universidad de Santiago de Compostela (Spain)<\/li>\n\n\n\n<li>Centro de Supercomputacion de Galicia (Spain)<\/li>\n\n\n\n<li>University of Plymouth (UK)<\/li>\n\n\n\n<li>BeezNest Belgium (Belgium)<\/li>\n\n\n\n<li>Marino Institute of Education (Ireland)<\/li>\n\n\n\n<li>H2 Learning LTD (Ireland)<\/li>\n\n\n\n<li>Universidade do Minho (Portugal)<\/li>\n\n\n\n<li>Lusoinfo II \u2013 Multimedia SA (Portugal)<\/li>\n\n\n\n<li>Die Berater (Austria)<\/li>\n\n\n\n<li>University College of Teacher Education Vienna (Austria)<\/li>\n<\/ul>\n\n\n\n<div style=\"height:1px\" aria-hidden=\"true\" class=\"wp-block-spacer\"><\/div>\n\n\n\n<h4 class=\"wp-block-heading\">Praxisphasen im internationalen Austausch (PIA)<\/h4>\n\n\n\n<p>Trainer\/Researcher<\/p>\n\n\n\n<h5 class=\"wp-block-heading\">Cooperation Partners:<\/h5>\n\n\n\n<ul class=\"wp-block-list\">\n<li>Leuphana University L\u00fcneburg (Germany)<\/li>\n\n\n\n<li>University College of Teacher Education Vienna (Austria)<\/li>\n<\/ul>\n\n\n\n<p><\/p>\n","protected":false},"excerpt":{"rendered":"<p>SAPELTA &#8211; Self-Assessment for Primary English Language Teachers in Austria National Research and Development Project of the University College of Teacher Education Vienna, Principal Researcher Embedding Languages Across Primary and Secondary Education (ELAPSE) Erasmus+ KA201, Researcher\/Teacher Cooperation Partners: Educational Knowledge Transfer (EKT) Erasmus+ EPPKA2, Teacher\/Trainer\/Researcher Cooperation Partners: Praxisphasen im internationalen Austausch (PIA) Trainer\/Researcher Cooperation Partners:<\/p>\n","protected":false},"author":1,"featured_media":0,"parent":0,"menu_order":0,"comment_status":"closed","ping_status":"closed","template":"","meta":{"footnotes":""},"class_list":["post-291","page","type-page","status-publish","hentry"],"jetpack_sharing_enabled":true,"_links":{"self":[{"href":"https:\/\/www.ronaldkemsies.com\/index.php?rest_route=\/wp\/v2\/pages\/291","targetHints":{"allow":["GET"]}}],"collection":[{"href":"https:\/\/www.ronaldkemsies.com\/index.php?rest_route=\/wp\/v2\/pages"}],"about":[{"href":"https:\/\/www.ronaldkemsies.com\/index.php?rest_route=\/wp\/v2\/types\/page"}],"author":[{"embeddable":true,"href":"https:\/\/www.ronaldkemsies.com\/index.php?rest_route=\/wp\/v2\/users\/1"}],"replies":[{"embeddable":true,"href":"https:\/\/www.ronaldkemsies.com\/index.php?rest_route=%2Fwp%2Fv2%2Fcomments&post=291"}],"version-history":[{"count":10,"href":"https:\/\/www.ronaldkemsies.com\/index.php?rest_route=\/wp\/v2\/pages\/291\/revisions"}],"predecessor-version":[{"id":334,"href":"https:\/\/www.ronaldkemsies.com\/index.php?rest_route=\/wp\/v2\/pages\/291\/revisions\/334"}],"wp:attachment":[{"href":"https:\/\/www.ronaldkemsies.com\/index.php?rest_route=%2Fwp%2Fv2%2Fmedia&parent=291"}],"curies":[{"name":"wp","href":"https:\/\/api.w.org\/{rel}","templated":true}]}}